{"id":22,"date":"2021-06-23T14:25:12","date_gmt":"2021-06-23T12:25:12","guid":{"rendered":"https:\/\/www.stauseiapdikt.lu\/?page_id=22"},"modified":"2025-06-15T11:27:40","modified_gmt":"2025-06-15T09:27:40","slug":"contact","status":"publish","type":"page","link":"https:\/\/www.stauseiapdikt.lu\/","title":{"rendered":"staus\u00e9iapdikt"},"content":{"rendered":"\n<figure class=\"wp-block-image size-medium\"><img loading=\"lazy\" decoding=\"async\" width=\"300\" height=\"225\" src=\"https:\/\/www.stauseiapdikt.lu\/wp-content\/uploads\/2022\/01\/A8DFCDB8-0436-48B6-A194-2F4641632BE3-2-300x225.jpg\" alt=\"Stauseiapdikt Staus\u00e9iapdikt pharmacie pharmacy apdikt Heiderscheid Heischent\" class=\"wp-image-105\" srcset=\"https:\/\/www.stauseiapdikt.lu\/wp-content\/uploads\/2022\/01\/A8DFCDB8-0436-48B6-A194-2F4641632BE3-2-300x225.jpg 300w, https:\/\/www.stauseiapdikt.lu\/wp-content\/uploads\/2022\/01\/A8DFCDB8-0436-48B6-A194-2F4641632BE3-2-1024x768.jpg 1024w, https:\/\/www.stauseiapdikt.lu\/wp-content\/uploads\/2022\/01\/A8DFCDB8-0436-48B6-A194-2F4641632BE3-2.jpg 1080w\" sizes=\"auto, (max-width: 300px) 100vw, 300px\" \/><\/figure>\n\n\n\n<p>Aer Apdikt zu Heischent<\/p>\n\n\n\n<p>All Dag vun 8:00h bis 18.15h, Samschdes vun 9:00h bis 12:00h fir iech do.<\/p>\n\n\n\n<p>Sonndes ass zou.<\/p>\n\n\n\n<p><\/p>\n\n\n\n<p>\u00d6ffentlech gratis Parkplazen virun der Dier, privat Parkplazen fir d&#8217;Patienten hannert der Apdikt, Behennertenparkplaz mat rollstullgerechter Entr\u00e9e op der S\u00e4it, di och fir d&#8217;Nuetsgarden op ass.<\/p>\n\n\n\n<p><\/p>\n\n\n\n<p>Commanden iwwer E-mail, Whats-App, Telefon.<\/p>\n\n\n\n<p><\/p>\n\n\n\n<p>&#8220;Scan and collect&#8221; fir aer schon bezuelten Medikamenter no den \u00d6ffnungsz\u00e4iten ofzehuelen.<\/p>\n\n\n\n<div style=\"height:100px\" aria-hidden=\"true\" class=\"wp-block-spacer\"><\/div>\n\n\n\n<p>Votre pharmacie \u00e0 Heiderscheid. <\/p>\n\n\n\n<p>Ouverte tous les jours de 8 \u00e0 18:15h, le samedi de 9 \u00e0 12h. Ferm\u00e9 le dimanche.<\/p>\n\n\n\n<p><\/p>\n\n\n\n<p>Parking public gratuit devant la pharmacie, parking priv\u00e9 \u00e0 l&#8217;arri\u00e8re du b\u00e2timent, avec place r\u00e9serv\u00e9e pour personnes \u00e0 mobilit\u00e9 r\u00e9duite, acc\u00e8s pour fauteuil roulant, ainsi que pour le service de garde de nuit.<\/p>\n\n\n\n<p><\/p>\n\n\n\n<p>Commandes possibles par e-mail, Whats-App, t\u00e9l\u00e9phone.<\/p>\n\n\n\n<p><\/p>\n\n\n\n<p>&#8220;Scan and collect&#8221; pour retirer vos m\u00e9dicaments command\u00e9s et pay\u00e9s en journ\u00e9e apr\u00e8s les heures de fermeture.<\/p>\n","protected":false},"excerpt":{"rendered":"<p>Aer Apdikt zu Heischent All Dag vun 8:00h bis 18.15h, Samschdes vun 9:00h bis 12:00h fir iech do. Sonndes ass zou. \u00d6ffentlech gratis Parkplazen virun der Dier, privat Parkplazen fir d&#8217;Patienten hannert der Apdikt, Behennertenparkplaz mat rollstullgerechter Entr\u00e9e op der S\u00e4it, di och fir d&#8217;Nuetsgarden op ass. Commanden iwwer E-mail, Whats-App, Telefon. &#8220;Scan and collect&#8221; &hellip; <\/p>\n<p class=\"link-more\"><a href=\"https:\/\/www.stauseiapdikt.lu\/\" class=\"more-link\">Continue reading<span class=\"screen-reader-text\"> &#8220;staus\u00e9iapdikt&#8221;<\/span><\/a><\/p>\n","protected":false},"author":1,"featured_media":0,"parent":0,"menu_order":0,"comment_status":"closed","ping_status":"closed","template":"","meta":{"footnotes":""},"class_list":["post-22","page","type-page","status-publish","hentry"],"_links":{"self":[{"href":"https:\/\/www.stauseiapdikt.lu\/index.php?rest_route=\/wp\/v2\/pages\/22","targetHints":{"allow":["GET"]}}],"collection":[{"href":"https:\/\/www.stauseiapdikt.lu\/index.php?rest_route=\/wp\/v2\/pages"}],"about":[{"href":"https:\/\/www.stauseiapdikt.lu\/index.php?rest_route=\/wp\/v2\/types\/page"}],"author":[{"embeddable":true,"href":"https:\/\/www.stauseiapdikt.lu\/index.php?rest_route=\/wp\/v2\/users\/1"}],"replies":[{"embeddable":true,"href":"https:\/\/www.stauseiapdikt.lu\/index.php?rest_route=%2Fwp%2Fv2%2Fcomments&post=22"}],"version-history":[{"count":14,"href":"https:\/\/www.stauseiapdikt.lu\/index.php?rest_route=\/wp\/v2\/pages\/22\/revisions"}],"predecessor-version":[{"id":140,"href":"https:\/\/www.stauseiapdikt.lu\/index.php?rest_route=\/wp\/v2\/pages\/22\/revisions\/140"}],"wp:attachment":[{"href":"https:\/\/www.stauseiapdikt.lu\/index.php?rest_route=%2Fwp%2Fv2%2Fmedia&parent=22"}],"curies":[{"name":"wp","href":"https:\/\/api.w.org\/{rel}","templated":true}]}}

stauséiapdikt

<figure class="wp-block-image size-medium"><img loading="lazy" decoding="async" width="300" height="225" src="https://www.stauseiapdikt.lu/wp-content/uploads/2022/01/A8DFCDB8-0436-48B6-A194-2F4641632BE3-2-300x225.jpg" alt="Stauseiapdikt Stauséiapdikt pharmacie pharmacy apdikt Heiderscheid Heischent" class="wp-image-105" srcset="https://www.stauseiapdikt.lu/wp-content/uploads/2022/01/A8DFCDB8-0436-48B6-A194-2F4641632BE3-2-300x225.jpg 300w, https://www.stauseiapdikt.lu/wp-content/uploads/2022/01/A8DFCDB8-0436-48B6-A194-2F4641632BE3-2-1024x768.jpg 1024w, https://www.stauseiapdikt.lu/wp-content/uploads/2022/01/A8DFCDB8-0436-48B6-A194-2F4641632BE3-2.jpg 1080w" sizes="auto, (max-width: 300px) 100vw, 300px" /></figure>



<p>Aer Apdikt zu Heischent</p>



<p>All Dag vun 8:00h bis 18.15h, Samschdes vun 9:00h bis 12:00h fir iech do.</p>



<p>Sonndes ass zou.</p>



<p></p>



<p>Öffentlech gratis Parkplazen virun der Dier, privat Parkplazen fir d&#8217;Patienten hannert der Apdikt, Behennertenparkplaz mat rollstullgerechter Entrée op der Säit, di och fir d&#8217;Nuetsgarden op ass.</p>



<p></p>



<p>Commanden iwwer E-mail, Whats-App, Telefon.</p>



<p></p>



<p>&#8220;Scan and collect&#8221; fir aer schon bezuelten Medikamenter no den Öffnungszäiten ofzehuelen.</p>



<div style="height:100px" aria-hidden="true" class="wp-block-spacer"></div>



<p>Votre pharmacie à Heiderscheid. </p>



<p>Ouverte tous les jours de 8 à 18:15h, le samedi de 9 à 12h. Fermé le dimanche.</p>



<p></p>



<p>Parking public gratuit devant la pharmacie, parking privé à l&#8217;arrière du bâtiment, avec place réservée pour personnes à mobilité réduite, accès pour fauteuil roulant, ainsi que pour le service de garde de nuit.</p>



<p></p>



<p>Commandes possibles par e-mail, Whats-App, téléphone.</p>



<p></p>



<p>&#8220;Scan and collect&#8221; pour retirer vos médicaments commandés et payés en journée après les heures de fermeture.</p>

<p>Aer Apdikt zu Heischent All Dag vun 8:00h bis 18.15h, Samschdes vun 9:00h bis 12:00h fir iech do. Sonndes ass zou. Öffentlech gratis Parkplazen virun der Dier, privat Parkplazen fir d&#8217;Patienten hannert der Apdikt, Behennertenparkplaz mat rollstullgerechter Entrée op der Säit, di och fir d&#8217;Nuetsgarden op ass. Commanden iwwer E-mail, Whats-App, Telefon. &#8220;Scan and collect&#8221; &hellip; </p>
<p class="link-more"><a href="https://www.stauseiapdikt.lu/" class="more-link">Continue reading<span class="screen-reader-text"> &#8220;stauséiapdikt&#8221;</span></a></p>
